rime number?
True
Is 522084307 composite?
False
Is 16900327321 composite?
True
Is 54227964905 prime?
False
Is 1775128057 composite?
False
Is 136926853 a composite number?
True
Is 16547658877 a prime number?
False
Is 17433720641 a prime number?
False
Is 5601734117 a prime number?
False
Is 257345941 composite?
False
Is 6049327598 prime?
False
Is 609768167 a composite number?
True
Is 5429803409 composite?
True
Is 9635683807 a composite number?
True
Is 189975649 a composite number?
True
Is 14463833473 composite?
True
Is 3881606611 a composite number?
True
Is 1065273797 a composite number?
True
Is 191247710057 a prime number?
False
Is 3004203779 prime?
True
Is 60830103767 prime?
True
Is 2179565567 a prime number?
True
Is 2206807453 prime?
True
Is 5066662891 composite?
False
Is 11851332433 prime?
True
Is 2096170777 a prime number?
False
Is 12036449083 a composite number?
True
Is 12657967499 a composite number?
True
Is 891904443 composite?
True
Is 210515719 a composite number?
False
Is 3481837057 prime?
True
Is 38381901247 a prime number?
True
Is 41207542027 a composite number?
True
Is 1680007799 composite?
False
Is 24177494771 prime?
False
Is 127411819081 prime?
False
Is 472745237 prime?
True
Is 38429435909 a prime number?
False
Is 53725928611 prime?
True
Is 11010012317 prime?
False
Is 13122290099 a prime number?
True
Is 79570152889 a prime number?
True
Is 927083059 a prime number?
False
Is 4307854295 prime?
False
Is 68549743949 a prime number?
False
Is 22037982613 a prime number?
True
Is 61436553733 a composite number?
True
Is 1531517633 a composite number?
True
Is 414483631 a prime number?
False
Is 7064618879 a prime number?
True
Is 2717468543 a prime number?
True
Is 104315136539 prime?
False
Is 25209074101 a composite number?
True
Is 13742731979 a prime number?
True
Is 772953889 a prime number?
False
Is 3689695153 a prime number?
True
Is 2664409619 prime?
False
Is 30963401855 prime?
False
Is 219003489109 composite?
False
Is 7341915037 prime?
False
Is 202909747 composite?
False
Is 1498351227 composite?
True
Is 151425619 composite?
False
Is 37101446639 a composite number?
True
Is 6767832551 a composite number?
False
Is 92082517 a composite number?
True
Is 1627954957 prime?
True
Is 21394295053 prime?
False
Is 6173099111 prime?
True
Is 31462924579 a prime number?
True
Is 4303166437 prime?
True
Is 895810483 a composite number?
False
Is 17032539941 a composite number?
False
Is 219942397 composite?
False
Is 10200842851 composite?
False
Is 34942693391 composite?
False
Is 22120969049 prime?
False
Is 248729641 a prime number?
True
Is 10644350449 prime?
False
Is 15812597111 a prime number?
True
Is 2664101681 prime?
True
Is 58799619139 a composite number?
True
Is 8731050805 prime?
False
Is 925384793 composite?
False
Is 171014639 prime?
True
Is 1683888533 a prime number?
False
Is 147485599 composite?
True
Is 23705267554 composite?
True
Is 149155933 a prime number?
False
Is 68461483477 a composite number?
True
Is 63585169007 a prime number?
False
Is 43707024739 composite?
True
Is 919707959 composite?
False
Is 2449961539 composite?
False
Is 1406466931 composite?
True
Is 2467727443 composite?
False
Is 3159041227 a composite number?
False
Is 2193303587 composite?
False
Is 1415934339 composite?
True
Is 268079629 prime?
True
Is 750128321 composite?
False
Is 72611391887 a prime number?
False
Is 390705511 prime?
False
Is 3252044899 prime?
False
Is 558809269 composite?
True
Is 114607763 prime?
False
Is 59716920841 a composite number?
False
Is 786944101 composite?
False
Is 464742527 a prime number?
False
Is 3059530427 a composite number?
True
Is 768639653 a composite number?
True
Is 12617630783 a prime number?
True
Is 3637499671 a prime number?
False
Is 103081142407 prime?
False
Is 1108240807 a prime number?
False
Is 8415182953 composite?
False
Is 2351948561 prime?
False
Is 1758015317 composite?
True
Is 7917634883 composite?
False
Is 16469905651 a composite number?
False
Is 21088813439 a composite number?
False
Is 3697673167 composite?
True
Is 1664851603 a composite number?
False
Is 30331729211 a composite number?
True
Is 2192889337 prime?
False
Is 500598467 composite?
True
Is 1334192281 prime?
True
Is 3443413079 a composite number?
True
Is 859413427 composite?
True
Is 3875201329 prime?
False
Is 155951798879 a composite number?
True
Is 837718121 a prime number?
False
Is 30923999849 a prime number?
True
Is 6621130401 prime?
False
Is 3516396271 a prime number?
True
Is 1588114243 composite?
False
Is 3948656183 prime?
True
Is 5550081167 prime?
True
Is 3505576681 a composite number?
True
Is 4033786481 prime?
True
Is 30097373701 a composite number?
True
Is 3534049 a composite number?
True
Is 512431849 a prime number?
True
Is 7094139817 prime?
True
Is 329155661 a composite number?
False
Is 4226411681 a composite number?
False
Is 19228746961 a composite number?
False
Is 6306161 a prime number?
False
Is 1472948579 a prime number?
True
Is 237180491 composite?
False
Is 4201183891 a composite number?
True
Is 649707095 a composite number?
True
Is 57759886429 a prime number?
False
Is 4547987491 composite?
False
Is 190616102 composite?
True
Is 814859107 a prime number?
True
Is 4033060667 a composite number?
False
Is 17572094363 composite?
False
Is 2280811109 a composite number?
True
Is 3744517827 a prime number?
False
Is 503349619 a composite number?
False
Is 468018929 composite?
True
Is 39806593201 composite?
False
Is 1661361133 a composite number?
True
Is 13212575303 prime?
True
Is 99715397 a prime number?
True
Is 1582948961 a composite number?
True
Is 4050043759 composite?
False
Is 340645559 composite?
False
Is 186424339917 composite?
True
Is 3907814305 a composite number?
True
Is 56781770257 a composite number?
False
Is 865884806 a composite number?
True
Is 114584292791 a composite number?
False
Is 140808768557 a composite number?
True
Is 6010906813 composite?
False
Is 177815137 prime?
True
Is 123341110671 composite?
True
Is 1420673671 a composite number?
False
Is 3667540627 prime?
True
Is 804911183 composite?
False
Is 3581816923 a prime number?
True
Is 18220571867 prime?
True
Is 1812306569 composite?
False
Is 1297416241 a prime number?
False
Is 48944622131 composite?
True
Is 13653946693 a prime number?
False
Is 24306283 a prime number?
True
Is 279634584301 a prime number?
True
Is 52320830117 a prime number?
True
Is 65242759 a composite number?
False
Is 2189825459 prime?
False
Is 977245985 a composite number?
True
Is 4465264919 composite?
True
Is 428577951 a composite number?
True
Is 152207383 composite?
True
Is 825964673 a composite number?
False
Is 1831446011 composite?
True
Is 1627127287 prime?
False
Is 766669531 a composite number?
False
Is 6601301701 a prime number?
True
Is 303090252499 composite?
False
Is 8384592751 a prime number?
False
Is 28872826315 a prime number?
False
Is 1638463997 a prime number?
False
Is 39265550033 a prime number?
True
Is 20224634021 composite?
False
Is 25574269351 a composite number?
False
Is 821170573 prime?
True
Is 6811385939 a composite number?
False
Is 13742531581 composite?
False
Is 13350657622 prime?
False
Is 13615040287 a prime number?
True
Is 875107327 composite?
True
Is 7579363427 a composite number?
True
Is 3956874809 a prime number?
False
Is 19895426081 a composite number?
True
Is 117048305731 a prime number?
False
Is 520146653 a prime number?
False
Is 36113775481 composite?
True
Is 125661494051 a prime number?
True
Is 533603471 a prime number?
True
Is 4593451747 a prime number?
True
Is 177715103 composite?
True
Is 10390329149 a composite number?
False
Is 28897078003 a composite number?
False
Is 1162169639 composite?
False
Is 1834621563 prime?
False
Is 5725000159 a composite number?
True
Is 12678092981 prime?
True
Is 7357763579 composite?
False
Is 1616762333 composite?
True
Is 2157252649 prime?
True
Is 110052013 a prime number?
False
Is 1774437497 prime?
False
Is 19152497983 a prime number?
True
Is 25822633 prime?
False
Is 46884870037 a composite number?
False
Is 384311077 prime?
True
Is 14398405271 prime?
True
Is 2268600433 a composite number?
True
Is 730792729 prime?
False
Is 49502173 a prime number?
False
Is 41353827817 composite?
True
Is 2757930143 a composite number?
False
Is 320199421 a composite number?
True
Is 6162948047 a 